ppose -i + 4*n + 0 = -4, -i + n = -4. Let y(k) be the second derivative of k**5/10 - k**4/2 + 2*k**3/3 + 5*k**2/2 + k. Is y(i) a composite number?
False
Let o = 504 + 143. Is o a composite number?
False
Suppose -3*d = 1 - 13. Suppose d*j - 367 - 85 = 0. Is j a composite number?
False
Let i(f) = -f**2 - 6*f - 1. Let m(u) = -3*u - 1. Let b(t) = -3*i(t) + 5*m(t). Is b(4) a composite number?
True
Suppose 5*y - 4*z - 24 = -2*z, 5*y + 3*z - 14 = 0. Let r(u) = -2*u - 1 - 3 + 3*u**3 - 3 + 9*u**2 - y*u**3. Is r(7) a prime number?
False
Suppose -2*b = -2*d - 18, b - 5*d - 3 = 2. Suppose -3*g + b = -5*o, o + 4 = 3*g - o. Suppose -2*x - 24 + 90 = g. Is x a composite number?
True
Let t(f) = 13*f**3 + f. Let g be t(1). Suppose -6*r + 11*r - 5*c = 10, g = 5*r - 3*c. Is r/(-10) - 561/(-15) composite?
False
Let z(l) = 428*l**2 - 9*l + 6. Is z(3) composite?
True
Let v be (-2)/(-6) - 11/(-3). Suppose -3*z = -6*z - 5*k + 46, -z - v*k = -6. Is z a prime number?
False
Is 7/((-63)/2) - (-2132)/36 a prime number?
True
Is (1 + 50/(-6))*(-357)/14 composite?
True
Suppose 1287 = 5*x - g - 3*g, 5*g - 528 = -2*x. Is x a prime number?
False
Let p = 1695 + -494. Is p prime?
True
Let b(o) = -o**3 - 7*o**2 + 10*o - 11. Let d be b(-10). Let a = d - 79. Suppose -c + 3*c = a. Is c prime?
False
Let k(o) = o**3 - 6*o**2 + 3. Let c(d) = -d. Let m be c(-6). Let g be k(m). Suppose -g*v = -6*j + 2*j - 75, 100 = 4*v + 3*j. Is v composite?
True
Suppose 0 = -0*x - x + 3, -2*x + 909 = 3*m. Is m composite?
True
Let v(a) be the second derivative of -a**6/120 + a**5/12 + a**4/6 - a**3/6 - 3*a**2/2 + a. Let w(q) be the first derivative of v(q). Is w(5) a prime number?
True
Let l(r) = -r**2 + 3*r. Let i be -3*(-5)/((-15)/(-2)). Let p be l(i). Suppose -4*t - 279 = -3*j, p*j - 3*t = -0*j + 185. Is j a prime number?
True
Is (5 + -2)*(-22)/(-6) a composite number?
False
Let j be (-3)/(3/(-2)) - 60. Suppose -8*h + 93 = -7*h. Let m = j + h. Is m composite?
True
Suppose 3*h = y - 155 - 740, 5*h - 927 = -y. Is y a composite number?
False
Let o = -5 - -4. Is 3 - (4*104)/o composite?
False
Let z(f) = -f + 23. Let o be z(0). Is o/3*(3 + 6) a prime number?
False
Let h(u) = -4*u - 3. Let i be h(-2). Suppose 73 - 398 = -i*x. Is x a composite number?
True
Is 2 - (-3 + 11*-34) a composite number?
False
Let y = 14 - -200. Is y a composite number?
True
Let d = 12 + -12. Suppose 5*s - 400 - 415 = d. Is s a composite number?
False
Suppose -5*p + 3*l - 59 = 20, -3*p + 3*l - 51 = 0. Let k = 5 - p. Suppose 2*t = 3*t - k. Is t prime?
True
Suppose 0 = 4*h + 73 + 119. Let r = h - -135. Is r a composite number?
True
Suppose 0 = -r + 3, 4*p = -7*r + 4*r - 503. Suppose 440 = 3*k - 391. Let w = p + k. Is w prime?
True
Suppose 0 = 4*l + 4*i - 444, -4*i + 361 = 3*l + 31. Suppose -l = -o - 1. Is o a composite number?
False
Suppose -2*d + 778 = -0*d. Is d prime?
True
Is 2*40 + 2 + -3 a prime number?
True
Let m = 5 - 3. Is 325/m - (-4)/8 prime?
True
Suppose 0 = 5*c - 0*c - 65. Is c a prime number?
True
Suppose 0*k - 4 = k, -4*k = -p + 20. Let u be 784/(-10) - p/(-10). Let r = -44 - u. Is r prime?
False
Let u be 1/(0 - 2/(-4)). Suppose 0 = -3*t + 2*k + 139, -2*k = 5*t + u*k - 261. Is t composite?
True
Suppose -4*v = -5*u + 5, -2 = -2*u - 0. Let r(d) = 9*d**2 + 4*d + 1. Let p be r(-3). Is (v + 1)/(2/p) a prime number?
False
Let l = 1 + -2. Let m(g) = 2*g + 1. Let t be m(l). Is -1 + 40 + t - 1 composite?
False
Suppose 2*h + 2 = 4*n + 3*h, n + 8 = 4*h. Suppose n*o - o = -53. Is o composite?
False
Let r = -11 + 70. Let y = 128 - r. Is y a composite number?
True
Let l(r) = 25*r + 4. Suppose -b + 5*y - 2 = 0, 5*b + 13 = -5*y + 3. Let q be (1 + 0)*(b - -5). Is l(q) a prime number?
True
Let s be -9 + (-4)/(-2) + 2. Let q = s + 20. Is q prime?
False
Let r(q) be the third derivative of q**4/24 - 7*q**3/6 + q**2. Let s be r(-5). Is 77/4 - (-3)/s a prime number?
True
Let v be 17/5 - (-20)/(-50). Let x(o) = 42*o - 3. Is x(v) prime?
False
Let y = 487 + 0. Is y a prime number?
True
Suppose 2*p + 5*y = 2485, -p + 5*y = p - 2535. Is p a composite number?
True
Let v be ((-147)/(-28))/(2/(-8)). Is 909/21 - (-6)/v a prime number?
True
Suppose 6*w = 993 + 405. Is w prime?
True
Let i(d) = d**2 - 3*d - 7. Let t(w) = -27*w**3 - w**2 - 2*w - 1. Let b be t(-1). Suppose 0 = -s - x - 6 - 1, -3*x + b = -5*s. Is i(s) composite?
False
Suppose r + 3*p = p - 13, 0 = -p - 2. Let h be 6/r - (-4)/6. Suppose 5*d - s = 30 + 5, -2*s = h. Is d a composite number?
False
Let m = -3 - -6. Let s be (-3)/(297/(-102) + m). Let o = -13 - s. Is o a composite number?
True
Suppose 5*l - 5*j - 25 = l, 0 = -5*l - 5*j - 25. Suppose l = 5*t + 18 + 17. Let n = 14 - t. Is n a prime number?
False
Let a be 6/10 + 216/15. Suppose -3*t = a, 2*t - 87 = -o + 6*t. Is o a composite number?
False
Suppose l + 29 = 40. Is l prime?
True
Suppose -g - 3*g = 0. Suppose g = 2*x - 5*x + 63. Is x prime?
False
Let l(j) = 15*j**2 - 5*j. Let q be l(-5). Suppose 0*h + q = h. Suppose 3*c - 227 = 2*i, c + i = -4*c + h. Is c a composite number?
False
Suppose -523 = -4*w + 49. Suppose 2*a = -5*u + 405, -2*u + 0*a + w = -3*a. Is u a prime number?
True
Is 8/(120/891) - (-6)/(-15) prime?
True
Let n(q) be the first derivative of q - 1/2*q**2 - 2. Is n(-10) prime?
True
Let o = 1900 - 926. Is o a composite number?
True
Let o be 3/(-2) + (-2)/(-4). Let k(d) = -4*d. Let c be k(o). Is 1/c - 3864/(-32) prime?
False
Let j = -22 - -24. Suppose -4*i + j*w + 0*w = -1674, -3*w + 422 = i. Is i prime?
True
Suppose -3*t - 4*m = t + 20, 3*m = 5*t + 25. Let f = t - -48. Is f prime?
True
Let s = 6 - 6. Suppose -3*o + 6 - 165 = s. Let m = -20 - o. Is m prime?
False
Let r(n) = -3*n - 11. Let u be r(-8). Let s = -6 + u. Is s prime?
True
Let c(k) = -k + 1. Let p be c(-2). Suppose -d = 3*d - 8. Suppose -p*g - 3*b = -2*b - 102, -d*g = 3*b - 61. Is g a prime number?
False
Suppose 156 = -0*r + 2*r. Let c = r - 55. Is c a prime number?
True
Suppose 0 = -4*c + 753 + 2435. Is c prime?
True
Let k = -600 - -375. Is 6/(1 + -4) - k a composite number?
False
Suppose -v = 3*z - 2885 - 336, 5*z + 2*v = 5369. Is z prime?
False
Let y(o) = -75*o - 6. Let f be y(-5). Is f/(-15)*(-4 - 1) composite?
True
Let w(b) = -b**3 - 6*b**2 + 8*b + 5. Let i be w(-7). Let m be 56/10 + i/(-5). Suppose -3*k - 3*f + 270 = 0, -m*f = -2*f - 20. Is k prime?
False
Let k(a) = -11 + 2*a**3 - 2*a**3 + 11*a + a**3 - 9*a**2. Is k(8) a prime number?
True
Suppose 0 = 3*d - 5*o - 2793 - 207, 5*d = -4*o + 4963. Is d a prime number?
False
Let z = -5 - -10. Is -3*(2805/(-9))/z a prime number?
False
Let q(f) = -4*f**3 + 3*f**2 + 3*f + 2. Let b(y) = 3*y**3 - 2*y**2 - 3*y - 2. Let n(v) = -7*b(v) - 6*q(v). Let x be n(3). Let c = 79 - x. Is c composite?
False
Let v(i) = 27*i**2 + 19. Is v(8) a prime number?
True
Suppose -3*m + 2 = -7. Suppose -119 = 2*a - m*a. Is a a prime number?
False
Let x = 48 - 34. Let l(z) = x - 15*z + z**2 + 16*z + 0*z**2. Is l(0) a composite number?
True
Let t be (36/8)/(-9)*(-10)/1. Let d be 1*-2*30/(-4). Suppose -5*b = -10*b + d, -t*r + 58 = b. Is r prime?
True
Let u(x) = 67*x - 3. Let c be u(-9). Let z = c - -1513. Suppose -2*f - 5*k = 2*f - z, -912 = -4*f - 4*k. Is f composite?
False
Let m(q) = -q + 322. Let n be m(0). Let j = -1 - -3. Suppose 0 = 2*d - p - n, j*d - 6*d = 3*p - 664. Is d a composite number?
False
Suppose 0 = 3*z - z - 118. Is z a prime number?
True
Suppose 3*d = 4*d - 25. Let w = 58 + d. Is w prime?
True
Let f(a) = -6*a**2 - 5*a + 7. Let x(s) = 31*s**2 + 24*s - 35. Let h(b) = -11*f(b) - 2*x(b). Is h(-5) composite?
True
Let t(p) = 421*p**3 + 2*p**2 - 3*p + 1. Is t(2) a prime number?
True
Let h be 0 + (7 - 2 - 3). Suppose h*j + 725 = 7*j. Is j a prime number?
False
Let l(g) = 2*g**3 + 5*g**2 + 6*g - 8. Let c be l(-6). Let t = 3 - 5. Is c/(-12)*(-3)/t a prime number?
True
Let b(v) be the first derivative of 2 + 22/3*v**3 + 2*v**2 + 3*v. Is b(-2) a composite number?
False
Suppose 3*k + 170 = -172. Let m = k + 349. Suppose -5*f - h = 2*h - 392, -2*h + m = 3*f. Is f prime?
True
Suppose 10 = 3*k - y, 4*y + 1 + 0 = -k. Suppose k = j - 0*j. Suppose 0 = -0*l - j*l + 141. Is l a composite number?
False
Suppose 0 = -0*t + 5*t - 155. Let i = 66 + t. Is i a prime number?
True
Is (72/88 - 2/(-11))*2217 composite?
True
Suppose 5*q = -4*k + 6*k - 23, -3 =